 -11 - 18)
4
What is 9 + 1 + (-5 - 4)?
1
What is the value of (6 - (2 - -3)) + (2 - 7)?
-4
(-1 - (-6 - 0)) + -2
3
Evaluate 1 - 3 - (3 - (-2 - -11)).
4
What is -1 + (5 - 3 - -8 - 6)?
3
Evaluate 4 - (-5 + (1 - -3)).
5
What is -1 + 1 + (21 - 20)?
1
1 - (0 + 0 + 5 + -7)
3
What is (1 - 3) + 3 - (2 + 4)?
-5
-11 + (-1 - -10 - -8)
6
Calculate 0 + 2 - (-1 + 2 - 4).
5
Calculate -2 - (3 - (12 + -17)).
-10
What is the value of (0 - 5 - 0) + 2?
-3
Evaluate 3 + (0 - (8 + -2)).
-3
-1 + 3 + (1 - 4 - -3)
2
Evaluate 4 + 3 + -3 - -4 - 3.
5
1 - (-8 - -4 - -7)
-2
Evaluate 15 + (-32 - -13) + (2 - 1).
-3
-4 + -1 + 3 + -3
-5
What is the value of (7 - (-5 - -5)) + (-11 - -3)?
-1
What is 1 + 5 + -7 + 6?
5
Evaluate (-14 - -22) + (1 - 11).
-2
Calculate 4 + 1 + -2 - 0.
3
What is 1 - (1 - 1 - (5 - 6))?
0
Calculate 5 + (-18 + 3 - -4 - -3).
-3
Calculate 5 + 0 + 0 - 1 - 4.
0
What is -47 - -46 - (1 + -4)?
2
Calculate 3 + 0 + (-3 - 0) - -1.
1
Calculate 4 - (3 - -1 - (-2 - -1)).
-1
What is 1 + (1 - 4 - -2)?
0
Evaluate (0 + 0 - -5) + 3.
8
4 + (-2 - 0) - (-9 - -8)
3
What is the value of 1 - ((2 - 0) + 2)?
-3
What is the value of 6 + -15 - (6 + -9)?
-6
Calculate -2 - (6 + (-7 - -3) + 4).
-8
Evaluate (20 - 9) + 2 + -6.
7
Evaluate -2 - 0 - (-24 - (6 - 22)).
6
Calculate -161 - -162 - (-2 - -1).
2
(-4 - -8) + (-1 - -2) + -3
2
Evaluate (-3 - 1) + 17 + -15.
-2
Calculate -2 + (6 + -3 + -8 - -1).
-6
(-2 - -2) + -4 + 5
1
Calculate 15 - 3 - (2 - -5).
5
(-7 - -14) + -12 - (2 + -11)
4
What is the value of -5 - ((-4 + 2 - 7) + 5)?
-1
49 - 45 - (-1 + (-2 - -3))
4
Calculate -9 + (8 - 5) + 6.
0
Evaluate 14 - 7 - (3 + 3).
1
Evaluate -64 - -60 - (-1 - 3).
0
Evaluate -10 + (9 - 4) + 5.
0
4 + 1 - ((-2 - -9) + -7)
5
Calculate 0 - (2 + 4 - 4).
-2
-4 + 2 + -1 - (-2 + -6)
5
3 + 2 + (-3 - 2)
0
Calculate -3 - (4 - (-9 + 7) - 6).
-3
What is the value of 2 + -2 + -5 + (-46 - -45)?
-6
What is the value of (1 - (-2 - -6)) + (3 - 0)?
0
What is the value of -1 - 2 - (2 - (-8 + 8))?
-5
What is -5 + (5 - (5 - 3))?
-2
Evaluate 4 + -1 - 7 - 1.
-5
2 + (-1 + -4 - 4)
-7
Calculate 4 + 1 + (-1 + -2 - -2).
4
What is 7 + (0 - -3 - (3 + 2))?
5
What is the value of -1 + 1 + 3 + -1?
2
1 + -9 + 4 + 8 - 0
4
3 + -7 + (1 - -6)
3
What is 3 + 0 + 1 - 2?
2
Evaluate (1 - 4) + 2 + -1 + 1.
-1
-1 + (5 - (3 + 1)) + -4
-4
Calculate (-5 - -1) + (6 - 0 - 3).
-1
5 + (8 - (1 - -5))
7
What is the value of 11 + -5 + -4 + 6?
8
What is the value of (-9 - -2 - -18) + -10?
1
Calculate -39 + 29 - (-7 - 3).
0
What is the value of (-1 - (-2 - -1)) + -1 + 1?
0
What is (-4 - (0 + -2)) + (4 - 5)?
-3
Evaluate 2 - (1 - 3 - -3).
1
Calculate -4 + 5 + -6 - -9 - 6.
-2
-2 + 5 + -1 + 6
8
What is 9 + -12 + 10 + -7?
0
What is the value of 5 + -3 - (-5 + 5)?
2
Calculate (6 - 0) + -3 - -2.
5
Calculate -4 - (-1 - (3 - 4)).
-4
(-10 + 12 - 7) + 0 + -1
-6
What is the value of -14 - -16 - (3 + (3 - -5))?
-9
What is 33 + -29 + -1 + 7?
10
Calculate -1 + 1 + -1 + -2.
-3
Calculate 1 + -3 + (1 - -4) + 1.
4
Calculate (0 - (1 - -1 - 2)) + -4.
-4
Calculate 4 + (7 - 10) + 5.
6
-2 - (-1 - (-3 + 4))
0
What is the value of -5 - (8 - 5 - (1 - -1))?
-6
What is -6 + 13 + -2 + -5?
0
Evaluate 4 - (3 - (1 - 3)).
-1
Calculate -6 + 9 + -9 + -1.
-7
7 + -3 - (4 - 2) - 5
-3
What is the value of 3 + -2 - (49 + -53)?
5
(0 - -3 - 4) + (-1 - -7)
5
Evaluate -11 - 3 - -10 - -10.
6
What is 5 + (4 - 14) + 3?
-2
What is the value of (2 - (2 + 3)) + -9 + 12?
0
What is the value of 1 + 3 + -4 + -3?
-3
Calculate -13 + -1 - (-4 - 8).
-2
What is the value of 7 - 3 - (3 - -1)?
0
3 - (-2 - -2 - -3)
0
What is 2 + 1 + (0 - 1)?
2
Evaluate -4 - -10 - (1 - (1 - 7)).
-1
Evaluate 7 + (0 - 0) + 4 + -9.
2
(9 - (5 + -1)) + 1
6
What is the value of (-2 - 0) + -9 + 6?
-5
0 + -5 + (4 + -7 - -4)
-4
Calculate -1 - (0 + -3 + 4).
-2
What is the value of 1 - -1 - (1 - (-4 - 1))?
-4
Evaluate 89 + -90 - (0 + -4).
3
Calculate 0 + 4 + -3 + -3.
-2
What is -3 - (0 + -3 + 0)?
0
Evaluate 4 - (-2 - -4) - (17 - 7).
-8
What is the value of (1 - 7) + 0 + 9?
3
(-10 - (3 + -7)) + (0 - -2)
-4
-21 - -6 - -13 - (1 + -11)
8
Calculate -6 + -10 + 27 + -8.
3
8 - 4 - (0 - (1 - 3))
2
What is 13 + -26 + 21 + -12?
-4
What is 7 + -13 + (-7 - -2)?
-11
8 + -13 + -6 - (1 - 6)
-6
6 + -15 - -6 - (0 + 1)
-4
Evaluate (-397 - -404) + (0 - (11 - 1)).
-3
What is (-2 - -4) + (1 - (1 - -3))?
-1
What is the value of (3 - -4 - 4) + 1?
4
Calculate 0 + (2 - (12 - 6)).
-4
Calculate -6 + 7 - (-1 + -4 - -3).
3
Evaluate (-5 - (-4 + (-7 - -6))) + 2.
2
What is the value of (0 - -5 - (-11 + 12)) + -5?
-1
1 - 5 - (-1 + -7 - -4)
0
What is the value of 10 + 2 - (8 + -4)?
8
Evaluate (-6 + (1 - -4) - 5) + 1.
-5
What is the value of -3 + (3 + 0 - (1 - -4))?
-5
Calculate 5 + (-9 - -5) + -5 - -5.
1
What is the value of (4 - (2 + -4)) + 2 - -1?
9
What is the value of (10 - 12) + (0 - (2 - 0))?
-4
Calculate 2 - (0 - 0 - 2).
4
Calculate -2 + (0 + -1 - (25 + -22)).
-6
Calculate -10 + 4 + 5 + -2 + 9.
6
Calculate -2 - (-4 - (-13 - (-11 - -4))).
-4
What is -1 - -5 - (7 - (13 - 9))?
1
What is the value of -1 + 6 + (-6 - 1)?
-2
What is the value of -2 - -2 - -1 - 3 - -3?
1
Evaluate (-4 - (-5 + 6)) + -2 + 4.
-3
Calculate -9 + 4 - 1 - (3 + 0).
-9
Evaluate 13 + 0 + 0 + -4 + -2.
7
Evaluate -5 + 0 - (-8 + 6 + -4).
1
What is 3 + (-6 - (-8 - 0 - 3))?
8
What is the value of 2 + (-2 + -8 - -2)?
-6
7 - (16 - (-7 + 13))
-3
-26 + 31 + (0 - (-3 - 1))
9
Calculate -10 - (-11 - 10 - -10).
1
Evaluate 0 + -1 + -4 + 17 - 8.
4
Evaluate 1 - (-10 + 6 + 9 + -1).
-3
Calculate -5 + 9 + -13 + 8.
-1
Evaluate (3 - 1) + 0 - (-7 + 12).
-3
(3 - (6 - 2)) + -1
-2
What is the value of -9 - 8 - -4 - -19?
6
Calculate -2 + -8 + 18 + -5 + -5.
-2
What is the value of -1 + 1 + 0 + (13 - 11)?
2
4 + (3 - 7) - -5
5
What is (3 - 0) + -4 - 11 - -4?
-8
What is -2 + 13 + -3 + 1 + -6?
3
Evaluate (74 - 74) + (0 - (1 - 5)).
4
3 + (7 - 12) + 3 + -1
0
Evaluate 0 - (-6 - 3) - 8.
1
What is 29 + -20 + (-1 - -2)?
10
What is the value of -6 + 5 + (1 - (0 - 4))?
4
Calculate (-8 - (0 + -1)) + 2.
-5
(-7 - (-22 + 15)) + (0 - 5)
-5
What is the value of 2 + -6 + -1 + 2?
-3
-2 + 3 - -5 - (-1 + 5)
2
Calculate 5 - (-6 + (1 - -14) + -7).
3
Calculate (-3 - -9) + -2 + 3 + -7.
0
(0 - (5 + (3 - 6))) + 0
-2
Evaluate (7 - 7) + (1 - 1) + 1.
1
Calculate 5 + (-6 - (-4 + 1)).
2
Evaluate 5 + 4 + 2 + 1 + -6.
6
Evaluate -12 + -8 + 33 - (6 - -1).
6
(-1 - -1 - -1) + -3 - 0
-2
Evaluate -16 + 8 + 10 + 4.
6
What is the value of 1 + -8 - (-7 - 2)?
2
What is the value of 3 + 4 + -5 + -4?
-2
What is (-4 - (2 - 3)) + 1?
-2
(-11 - -11) + (-4 + 1 - -2)
-1
9 + -4 + (-10 - -1)
-4
What is 4 - ((12 - 2) + -9)?
3
Calculate (0 + 2 - (-8 + 11)) + 1.
0
What is the value of (6 - 6) + (6 - 2)?
4
What is the value of 0 - -4 - 6 - 3?
-5
2 + (-7 - 3) + 5
-3
What is -9 + 11 + -3 + -2 + 1?
-2
What is -5 - (2 - (-6 - (-5 + -3)))?
-5
Calculate 2 + (-5 - -4 - 0) + -4.
-3
Calculate 0 + -8 + 3 + 0.
-5
What is 2 - 4 - -7 - 1?
4
Evaluate -4 + 2 + (0 - 2) + 0.
-4
What is the value of -34 - -35 - (-8 - 1 - -4)?
6
Calculate 12 + -7 + 1 + 0 + -2.
4
Evaluate -1 - 3 - (-5 - -2 - -4).
-5
Calculate 0 + -5 - (7 - (1 - -8)).
-3
What is 6 - (-8 + (28 - 4))?
-10
Calculate 6 + -8 + 4 - -1 - 5.
-2
What is the value of 22 + -19 + 1 + 4 - 3?
5
What is the value of 4 + (0 - -1) + -1 - 5?
-1
Evaluate -4 - (1 + -2 + 0).
-3
What is the value of (1 - (2 - (-4 - -1))) + 4?
0
Calculate -3 + 5 - -1 - 5.
-2
Evaluate 4 - (6 - 3 - 2).
3
1 - (14 + -7 + -7 + 8)
-7
(1 - 0) + (1 - (14 + -6))
-6
3 + 1 + (1 - (8 - 4))
1
Evaluate 6 + (-2 - 3) + 1.
2
Evaluate (2 + -3 - 3) + 1 + 2.
-1
Evaluate 4 + -9 + (-3 - -5) + 6.
3
Calculate -5 + 6 + 0 + (-2 - 2).
-3
What is 0 + (-6 - -4) + 1 + 4?
3
What is the value of 0 - (-4 - (-5 + 4)) - 5?
-2
Evaluate -3 + 5 - (5 - 11 - 0).
8
What is (10 - (8 - (-1 - -5))) + -2?
4
What is 2 - -6 - (2 - 1) - 5?
2
Calculate -2 + 1 - (2 - (-8 - -6)).
-5
What is -3 - (-4 + -3 - -6)?
-2
What is (4 + -2 - 5 - -5) + 0?
2
Calculate -7 - (-5 - ((5 - 1) + -6)).
-4
Calculate -2 + (-4 - -1) + 3 - -9.
7
What is -9 - (-7 + 5 - 2)?
-5
Calculate 4 + 3 + -5 + 2 + -4.
0
What is -2 - -5 - (4 - (-2 - 1))?
-4
Evaluate 2 + 0 + -3 + -1.
-2
Evaluate 11 + -11 + -3 - (1 + 3).
-7
(2 - 5) + (9 + -11 - -9)
4
What is (3 - (2 + (1 - 2))) + 1?
3
What is the value of 5 + 0 + 2 + -6?
1
-8 + (6 - 4 - -2)
-4
Calculate (-6 - 0) + 2 - 1.
-5
Eval